{"id":604,"date":"2023-02-22T09:24:50","date_gmt":"2023-02-22T09:24:50","guid":{"rendered":"https:\/\/obresgabigonyalons.es\/?page_id=604"},"modified":"2023-12-11T05:30:50","modified_gmt":"2023-12-11T05:30:50","slug":"declaracion-de-accesibilidad","status":"publish","type":"page","link":"https:\/\/obresgabigonyalons.es\/index.php\/declaracion-de-accesibilidad\/","title":{"rendered":"Declaraci\u00f3n de accesibilidad"},"content":{"rendered":"<div id='av_section_1'  class='avia-section av-a5gbw-d8a82293ac5c0c535ecc0acdbcb47740 main_color avia-section-default avia-no-border-styling  avia-builder-el-0  avia-builder-el-no-sibling  avia-bg-style-scroll container_wrap sidebar_right'  ><div class='container av-section-cont-open' ><main  role=\"main\" itemprop=\"mainContentOfPage\"  class='template-page content  av-content-small alpha units'><div class='post-entry post-entry-type-page post-entry-604'><div class='entry-content-wrapper clearfix'>\n\n<style type=\"text\/css\" data-created_by=\"avia_inline_auto\" id=\"style-css-av-lq0h6hb8-89b6f618d1b6f07f3ccc61638710977f\">\n#top .av-special-heading.av-lq0h6hb8-89b6f618d1b6f07f3ccc61638710977f{\npadding-bottom:10px;\n}\nbody .av-special-heading.av-lq0h6hb8-89b6f618d1b6f07f3ccc61638710977f .av-special-heading-tag .heading-char{\nfont-size:25px;\n}\n.av-special-heading.av-lq0h6hb8-89b6f618d1b6f07f3ccc61638710977f .av-subheading{\nfont-size:15px;\n}\n<\/style>\n<div  class='av-special-heading av-lq0h6hb8-89b6f618d1b6f07f3ccc61638710977f av-special-heading-h1  avia-builder-el-1  el_before_av_textblock  avia-builder-el-first '><h1 class='av-special-heading-tag'  itemprop=\"headline\"  >Declaraci\u00f3n de accesibilidad.<\/h1><div class=\"special-heading-border\"><div class=\"special-heading-inner-border\"><\/div><\/div><\/div>\n<section  class='av_textblock_section av-lefgypcs-fb18e183f1294f4687f97bffbd8a5fc1'  itemscope=\"itemscope\" itemtype=\"https:\/\/schema.org\/CreativeWork\" ><div class='avia_textblock'  itemprop=\"text\" ><p><strong>OBRES GABI GONYALONS, S.L.U.<\/strong>, se ha comprometido a hacer accesibles sus sitios web de conformidad con el Real Decreto 1112\/2018, de 7 de septiembre , sobre accesibilidad de los sitios web y aplicaciones para dispositivos m\u00f3viles del sector p\u00fablico (en adelante, RD 1112\/2018, de 7 de septiembre).<\/p>\n<p><strong>Aplicaci\u00f3n.<\/strong><br \/>\nLa presente declaraci\u00f3n de accesibilidad se aplica al sitio web https:\/\/obresgabigonyalons.es<\/p>\n<p><strong>Procedimiento de la aplicaci\u00f3n.<br \/>\n<\/strong>Si una vez realizada una solicitud de informaci\u00f3n accesible o queja, \u00e9sta hubiera sido desestimada, no se estuviera de acuerdo con la decisi\u00f3n adoptada, o la respuesta no cumpliera los requisitos contemplados en el art\u00edculo 12.5, la persona interesada podr\u00e1 iniciar una reclamaci\u00f3n. Igualmente se podr\u00e1 iniciar una reclamaci\u00f3n en el caso de que haya transcurrido el plazo de veinte d\u00edas h\u00e1biles sin haber obtenido respuesta.<\/p>\n<p><strong>Sobre la accesibilidad.<\/strong><\/p>\n<p>La accesibilidad promueve uno de los principios esenciales de la web, su universalidad, puesto que:<\/p>\n<ul>\n<li>Facilita el acceso de las personas con discapacidad, personas mayores, y en general, de todos los usuarios.<\/li>\n<li>Permite el acceso con diferentes navegadores, dispositivos, etc.<\/li>\n<li>Conlleva contenidos m\u00e1s claros y estructurados.<\/li>\n<li>Mejora la navegaci\u00f3n y la experiencia del usuario.<\/li>\n<\/ul>\n<p><strong>Situaci\u00f3n de cumplimiento.<br \/>\n<\/strong><strong>OBRES GABI GONYALONS, S.L.U.<\/strong>, se compromete a continuar trabajando para que se reduzcan al m\u00e1ximo las diversas barreras de accesibilidad que actualmente pueden quedar por resolver en este sitio web, cumpliendo, parcialmente con el\u00a0Real Decreto 1112\/2018, de 7 de septiembre, debido a la falta de conformidad de los aspectos que se indican en el siguiente punto.<\/p>\n<p><strong>Contenido no accesible.<br \/>\n<\/strong>El contenido que se recoge a continuaci\u00f3n no es accesible por lo siguiente:<\/p>\n<ul>\n<li>Falta de conformidad con el\u00a0Real Decreto 1112\/2018, de 7 de septiembre:\n<ul>\n<li>Puede haber fallos puntuales de edici\u00f3n en alguna p\u00e1gina web, como anidamiento incorrecto de elementos, presencia de alg\u00fan enlace roto, p\u00e1rrafos sin el marcado correcto, o alg\u00fan salto en los niveles de encabezado [requisito n\u00famero C9.2.7 Informaci\u00f3n y relaciones de las partes de la UNE 301549 v1.1.2:2015].<\/li>\n<li>Puede haber contenido externo, como los componentes de Facebook, Twitter o Youtube que no cumplen completamente con los criterios de accesibilidad.<\/li>\n<\/ul>\n<\/li>\n<li>Carga desproporcionada:\n<ul>\n<li>No resulta aplicable.<\/li>\n<\/ul>\n<\/li>\n<li>El contenido no entra dentro del \u00e1mbito de la legislaci\u00f3n aplicable:\n<ul>\n<li>Podr\u00edan existir archivos multimedia u ofim\u00e1ticos en PDF u otros formatos publicados antes del 20 de septiembre de 2018 que no cumplan en su totalidad todos los requisitos de accesibilidad.<\/li>\n<li>Puede haber contenidos de terceros, como archivos ofim\u00e1ticos que deban publicarse en este sitio y que no cumplan en su totalidad todos los requisitos de accesibilidad.<\/li>\n<\/ul>\n<\/li>\n<\/ul>\n<p><strong>Preparaci\u00f3n y estado de accesibilidad.<\/strong><\/p>\n<ul>\n<li>La presente declaraci\u00f3n fue preparada el 20 de febrero de 2023.<\/li>\n<li>El m\u00e9todo empleado para preparar la declaraci\u00f3n ha sido una autoevaluaci\u00f3n llevada a cabo por el propio organismo.<\/li>\n<li>\u00daltima revisi\u00f3n de la declaraci\u00f3n: 20 de febrero de 2023.<\/li>\n<\/ul>\n<p><strong>Ayudas.<br \/>\n<\/strong><strong>OBRES GABI GONYALONS, S.L.U.<\/strong>, ha puesto a disposici\u00f3n de los usuarios de la p\u00e1gina web una caja de herramientas de accesibilidad que permite al usuario invertir colores, cambiar contrastes de colores, pasar a modo monocromo, incrementar o disminuir la saturaci\u00f3n de colores, hacer visibles los enlaces de la p\u00e1gina, destacar t\u00edtulos, incrementar o disminuir el tama\u00f1o de las fuentes, incrementar o disminuir la altura de la l\u00ednea, incrementar o disminuir el espaciado de letras.<\/p>\n<p><strong>OBRES GABI GONYALONS, S.L.U.<\/strong>, se compromete a continuar trabajando para que se reduzcan al m\u00e1ximo las diversas barreras de accesibilidad que actualmente podr\u00edan seguir existiendo en su p\u00e1gina web.<\/p>\n<p><strong>Nota:<\/strong><\/p>\n<p>En la confecci\u00f3n de este portal se han seguido las siguientes pautas:<\/p>\n<ul>\n<li>Etiquetas de marcaje.<\/li>\n<li>Sistemas de navegaci\u00f3n usables, intuitivos y alternativos.<\/li>\n<li>Descripciones alternativas en las im\u00e1genes.<\/li>\n<li>Verificaciones en la visualizaci\u00f3n con diferentes navegadores y dispositivos.<\/li>\n<li>Utilizaci\u00f3n de formatos universales y alternativos.<\/li>\n<\/ul>\n<p>Otra forma de modificar el tama\u00f1o de texto es utilizar los atajos de teclado definidos en los navegadores, en particular la combinaci\u00f3n de teclas CTRL y + para aumentar el tama\u00f1o del texto, y CTRL y \u2013 para reducirlo es com\u00fan para la mayor\u00eda de los navegadores.<\/p>\n<p><strong>Observaciones y sugerencias.<\/strong><\/p>\n<p>Puede realizar comunicaciones sobre requisitos de accesibilidad (art\u00edculo 10.2.a) del RD 1112\/2018, de 7 de septiembre) como, por ejemplo:<\/p>\n<ul>\n<li>Informar sobre cualquier posible incumplimiento por parte de este sitio web.<\/li>\n<li>Transmitir otras dificultades de acceso al contenido.<\/li>\n<li>Formular cualquier otra consulta o sugerencia de mejora relativa a la accesibilidad del sitio web.<\/li>\n<\/ul>\n<p>A trav\u00e9s del\u00a0formulario de contacto.<\/p>\n<p>Si detecta alguna barrera en la web o si tiene alguna duda en relaci\u00f3n con la accesibilidad de este portal web, puede utilizar el\u00a0formulario de sugerencias\u00a0que <strong>OBRES GABI GONYALONS, S.L.U.<\/strong>. pone a su disposici\u00f3n.<\/p>\n<p>Las comunicaciones ser\u00e1n recibidas y tratadas por <strong>OBRES GABI GONYALONS, S.L.U.<\/strong><\/p>\n<\/div><\/section>\n<\/div><\/div><\/main><!-- close content main element --><\/div><\/div><div id='after_section_1'  class='main_color av_default_container_wrap container_wrap sidebar_right'  ><div class='container av-section-cont-open' ><div class='template-page content  av-content-small alpha units'><div class='post-entry post-entry-type-page post-entry-604'><div class='entry-content-wrapper clearfix'>\n","protected":false},"excerpt":{"rendered":"","protected":false},"author":1,"featured_media":0,"parent":0,"menu_order":0,"comment_status":"closed","ping_status":"closed","template":"","meta":{"om_disable_all_campaigns":false,"_mi_skip_tracking":false,"footnotes":""},"class_list":["post-604","page","type-page","status-publish","hentry"],"aioseo_notices":[],"_links":{"self":[{"href":"https:\/\/obresgabigonyalons.es\/index.php\/wp-json\/wp\/v2\/pages\/604","targetHints":{"allow":["GET"]}}],"collection":[{"href":"https:\/\/obresgabigonyalons.es\/index.php\/wp-json\/wp\/v2\/pages"}],"about":[{"href":"https:\/\/obresgabigonyalons.es\/index.php\/wp-json\/wp\/v2\/types\/page"}],"author":[{"embeddable":true,"href":"https:\/\/obresgabigonyalons.es\/index.php\/wp-json\/wp\/v2\/users\/1"}],"replies":[{"embeddable":true,"href":"https:\/\/obresgabigonyalons.es\/index.php\/wp-json\/wp\/v2\/comments?post=604"}],"version-history":[{"count":3,"href":"https:\/\/obresgabigonyalons.es\/index.php\/wp-json\/wp\/v2\/pages\/604\/revisions"}],"predecessor-version":[{"id":667,"href":"https:\/\/obresgabigonyalons.es\/index.php\/wp-json\/wp\/v2\/pages\/604\/revisions\/667"}],"wp:attachment":[{"href":"https:\/\/obresgabigonyalons.es\/index.php\/wp-json\/wp\/v2\/media?parent=604"}],"curies":[{"name":"wp","href":"https:\/\/api.w.org\/{rel}","templated":true}]}}