{"id":138,"date":"2022-10-22T15:31:54","date_gmt":"2022-10-22T15:31:54","guid":{"rendered":"http:\/\/test.kriesi.at\/construction\/?page_id=138"},"modified":"2023-12-15T06:48:14","modified_gmt":"2023-12-15T06:48:14","slug":"reformas","status":"publish","type":"page","link":"https:\/\/obresgabigonyalons.es\/index.php\/servicios\/reformas\/","title":{"rendered":"Rehabilitaci\u00f3n"},"content":{"rendered":"<div  class='avia-slideshow av-ekgia-eef73bbec9f19743b88918cf9e6f3ff3 avia-slideshow-featured_large av_slideshow avia-fade-slider  avia-builder-el-0  el_before_av_one_full  avia-builder-el-first  av-slideshow-ui av-control-hidden av-no-slider-navigation av-hide-nav-arrows av-slideshow-autoplay av-loop-endless av-loop-manual-endless av-default-height-applied avia-slideshow-1' data-slideshow-options=\"{&quot;animation&quot;:&quot;fade&quot;,&quot;autoplay&quot;:true,&quot;loop_autoplay&quot;:&quot;endless&quot;,&quot;interval&quot;:5,&quot;loop_manual&quot;:&quot;manual-endless&quot;,&quot;autoplay_stopper&quot;:false,&quot;noNavigation&quot;:true,&quot;bg_slider&quot;:false,&quot;keep_padding&quot;:false,&quot;hoverpause&quot;:false,&quot;show_slide_delay&quot;:0}\"  itemprop=\"image\" itemscope=\"itemscope\" itemtype=\"https:\/\/schema.org\/ImageObject\" ><ul class='avia-slideshow-inner ' style='padding-bottom: 42%;'><li  class='avia-slideshow-slide av-ekgia-eef73bbec9f19743b88918cf9e6f3ff3__0  slide-1 slide-odd'><div data-rel='slideshow-1' class='avia-slide-wrap '   ><img decoding=\"async\" class=\"wp-image-81 avia-img-lazy-loading-not-81\"  src=\"https:\/\/obresgabigonyalons.es\/wp-content\/uploads\/2015\/10\/cropped-hand-of-a-carpenter-1500x630.jpg\" width=\"1500\" height=\"630\" title='Carpintero trabajando' alt='Carpintero tomando medidas'  itemprop=\"thumbnailUrl\"   \/><\/div><\/li><li  class='avia-slideshow-slide av-ekgia-eef73bbec9f19743b88918cf9e6f3ff3__1  slide-2 slide-even'><div data-rel='slideshow-1' class='avia-slide-wrap '   ><img decoding=\"async\" class=\"wp-image-100 avia-img-lazy-loading-not-100\"  src=\"https:\/\/obresgabigonyalons.es\/wp-content\/uploads\/2015\/10\/house-interior-1500x630.jpg\" width=\"1500\" height=\"630\" title='House interior' alt='Vista interior sal\u00f3n'  itemprop=\"thumbnailUrl\"   \/><\/div><\/li><li  class='avia-slideshow-slide av-ekgia-eef73bbec9f19743b88918cf9e6f3ff3__2  slide-3 slide-odd'><div data-rel='slideshow-1' class='avia-slide-wrap '   ><img decoding=\"async\" class=\"wp-image-87 avia-img-lazy-loading-not-87\"  src=\"https:\/\/obresgabigonyalons.es\/wp-content\/uploads\/2015\/10\/team-banner2.jpg\" width=\"1500\" height=\"630\" title='Trabajadores con excavadora de fondo' alt='Equipo de trabajadores'  itemprop=\"thumbnailUrl\" srcset=\"https:\/\/obresgabigonyalons.es\/wp-content\/uploads\/2015\/10\/team-banner2.jpg 1500w, https:\/\/obresgabigonyalons.es\/wp-content\/uploads\/2015\/10\/team-banner2-300x126.jpg 300w, https:\/\/obresgabigonyalons.es\/wp-content\/uploads\/2015\/10\/team-banner2-1030x433.jpg 1030w, https:\/\/obresgabigonyalons.es\/wp-content\/uploads\/2015\/10\/team-banner2-768x323.jpg 768w, https:\/\/obresgabigonyalons.es\/wp-content\/uploads\/2015\/10\/team-banner2-705x296.jpg 705w\" sizes=\"(max-width: 1500px) 100vw, 1500px\" \/><\/div><\/li><li  class='avia-slideshow-slide av-ekgia-eef73bbec9f19743b88918cf9e6f3ff3__3  slide-4 slide-even'><div data-rel='slideshow-1' class='avia-slide-wrap '   ><img decoding=\"async\" class=\"wp-image-80 avia-img-lazy-loading-not-80\"  src=\"https:\/\/obresgabigonyalons.es\/wp-content\/uploads\/2015\/10\/construction-site-machines-1500x630.jpg\" width=\"1500\" height=\"630\" title='Moviendo tierra con excavadora' alt='Excavadora cavando'  itemprop=\"thumbnailUrl\"   \/><\/div><\/li><\/ul><div class='avia-slideshow-arrows avia-slideshow-controls' ><a href='#prev' class='prev-slide ' aria-hidden='true' data-av_icon='\ue87c' data-av_iconfont='entypo-fontello'  tabindex='-1'>Anterior<\/a><a href='#next' class='next-slide ' aria-hidden='true' data-av_icon='\ue87d' data-av_iconfont='entypo-fontello'  tabindex='-1'>Posterior<\/a><\/div><\/div>\n\n<style type=\"text\/css\" data-created_by=\"avia_inline_auto\" id=\"style-css-av-3dk48a-abada6e3aabb53150a0d6ffabce3f958\">\n#top .flex_column.av-3dk48a-abada6e3aabb53150a0d6ffabce3f958{\nmargin-top:0px;\nmargin-bottom:0px;\n}\n.flex_column.av-3dk48a-abada6e3aabb53150a0d6ffabce3f958{\n-webkit-border-radius:0px 0px 0px 0px;\n-moz-border-radius:0px 0px 0px 0px;\nborder-radius:0px 0px 0px 0px;\npadding:0px 0px 0px 0px;\n}\n.responsive #top #wrap_all .flex_column.av-3dk48a-abada6e3aabb53150a0d6ffabce3f958{\nmargin-top:0px;\nmargin-bottom:0px;\n}\n<\/style>\n<div class='flex_column av-3dk48a-abada6e3aabb53150a0d6ffabce3f958 av_one_full  avia-builder-el-1  el_after_av_slideshow  el_before_av_one_full  first flex_column_div av-animated-generic bottom-to-top av-zero-column-padding '     ><p>\n<style type=\"text\/css\" data-created_by=\"avia_inline_auto\" id=\"style-css-av-3awni2-0230f17e12c425d3749b60297063e846\">\n#top .av-special-heading.av-3awni2-0230f17e12c425d3749b60297063e846{\npadding-bottom:0;\n}\nbody .av-special-heading.av-3awni2-0230f17e12c425d3749b60297063e846 .av-special-heading-tag .heading-char{\nfont-size:25px;\n}\n.av-special-heading.av-3awni2-0230f17e12c425d3749b60297063e846 .av-subheading{\nfont-size:15px;\n}\n<\/style>\n<div  class='av-special-heading av-3awni2-0230f17e12c425d3749b60297063e846 av-special-heading-h1 blockquote modern-quote  avia-builder-el-2  el_before_av_hr  avia-builder-el-first '><h1 class='av-special-heading-tag'  itemprop=\"headline\"  >Reformas<\/h1><div class=\"special-heading-border\"><div class=\"special-heading-inner-border\"><\/div><\/div><\/div><br \/>\n\n<style type=\"text\/css\" data-created_by=\"avia_inline_auto\" id=\"style-css-av-322fhe-ea9926da980ca73f814fbfddda9ac048\">\n#top .hr.av-322fhe-ea9926da980ca73f814fbfddda9ac048{\nmargin-top:10px;\nmargin-bottom:10px;\n}\n.hr.av-322fhe-ea9926da980ca73f814fbfddda9ac048 .hr-inner{\nwidth:50px;\nborder-color:#efbb20;\n}\n<\/style>\n<div  class='hr av-322fhe-ea9926da980ca73f814fbfddda9ac048 hr-custom  avia-builder-el-3  el_after_av_heading  el_before_av_textblock  hr-left hr-icon-no'><span class='hr-inner inner-border-av-border-fat'><span class=\"hr-inner-style\"><\/span><\/span><\/div><br \/>\n<section  class='av_textblock_section av-2t4iqy-66b8c9e48a2441535e8e84dd4c07c02a'  itemscope=\"itemscope\" itemtype=\"https:\/\/schema.org\/CreativeWork\" ><div class='avia_textblock'  itemprop=\"text\" ><p style=\"text-align: justify;\"><span style=\"color: #000000;\">La rehabilitaci\u00f3n y reforma de edificios es una pr\u00e1ctica cada vez m\u00e1s com\u00fan en la actualidad, ya que se busca mejorar las estructuras existentes y adaptarlas a las nuevas necesidades y requisitos de sostenibilidad. En este art\u00edculo, exploraremos en qu\u00e9 consiste la rehabilitaci\u00f3n de edificios y c\u00f3mo se lleva a cabo, as\u00ed como los beneficios de realizar una reforma para maximizar el potencial de los espacios. Tanto la rehabilitaci\u00f3n como la reforma son procesos clave para garantizar la eficiencia energ\u00e9tica, la seguridad y el confort en los edificios.<\/span><\/p>\n<p style=\"text-align: justify;\"><span style=\"color: #000000;\">La rehabilitaci\u00f3n de edificios consiste en la mejora y adecuaci\u00f3n de las estructuras existentes, tanto en t\u00e9rminos de funcionalidad como de sostenibilidad. Este proceso implica la renovaci\u00f3n de sistemas y elementos como la instalaci\u00f3n el\u00e9ctrica, fontaner\u00eda, climatizaci\u00f3n, aislamiento, fachadas y cubiertas, entre otros. La finalidad de la rehabilitaci\u00f3n es optimizar el rendimiento energ\u00e9tico del edificio, reducir el consumo y las emisiones contaminantes, as\u00ed como mejorar el confort y la habitabilidad.<\/span><\/p>\n<p style=\"text-align: justify;\"><span style=\"color: #000000;\">Adem\u00e1s de los beneficios medioambientales, la rehabilitaci\u00f3n de edificios tambi\u00e9n tiene ventajas econ\u00f3micas y sociales. En t\u00e9rminos econ\u00f3micos, la mejora de la eficiencia energ\u00e9tica permite un ahorro en los costos de operaci\u00f3n y mantenimiento a largo plazo. Por otro lado, la rehabilitaci\u00f3n de edificios existentes contribuye a la conservaci\u00f3n del patrimonio arquitect\u00f3nico y cultural de una regi\u00f3n, a la vez que genera empleo y dinamiza la econom\u00eda local. Es un proceso esencial para lograr una transici\u00f3n hacia un futuro m\u00e1s sostenible.<\/span><\/p>\n<p style=\"text-align: justify;\"><span style=\"color: #000000;\">Le asesoramos en la <a style=\"color: #000000;\" title=\"Definicion Wikipedia\" href=\"https:\/\/es.wikipedia.org\/wiki\/Reforma_(construcci%C3%B3n)\" target=\"_blank\" rel=\"noopener\">reforma<\/a> de todo tipo de edificaciones.<\/span><\/p>\n<\/div><\/section><\/p><\/div>\n<style type=\"text\/css\" data-created_by=\"avia_inline_auto\" id=\"style-css-av-1gvqtu-09bca0ab2dae080453aedb86406e4534\">\n.flex_column.av-1gvqtu-09bca0ab2dae080453aedb86406e4534{\n-webkit-border-radius:0px 0px 0px 0px;\n-moz-border-radius:0px 0px 0px 0px;\nborder-radius:0px 0px 0px 0px;\npadding:0px 0px 0px 0px;\n}\n<\/style>\n<div class='flex_column av-1gvqtu-09bca0ab2dae080453aedb86406e4534 av_one_full  avia-builder-el-5  el_after_av_one_full  avia-builder-el-last  first flex_column_div av-animated-generic bottom-to-top av-zero-column-padding column-top-margin'     ><p>\n<style type=\"text\/css\" data-created_by=\"avia_inline_auto\" id=\"style-css-av-15363u-b1a6b9c079ce479590d52ece90df69e1\">\n#top .hr.av-15363u-b1a6b9c079ce479590d52ece90df69e1{\nmargin-top:10px;\nmargin-bottom:10px;\n}\n.hr.av-15363u-b1a6b9c079ce479590d52ece90df69e1 .hr-inner{\nwidth:50px;\nborder-color:#efbb20;\n}\n<\/style>\n<div  class='hr av-15363u-b1a6b9c079ce479590d52ece90df69e1 hr-custom  avia-builder-el-6  el_before_av_textblock  avia-builder-el-first  hr-left hr-icon-no'><span class='hr-inner inner-border-av-border-fat'><span class=\"hr-inner-style\"><\/span><\/span><\/div><br \/>\n<section  class='av_textblock_section av-yt9e2-01499c7bba61b58d32b16cc85e07a2de'  itemscope=\"itemscope\" itemtype=\"https:\/\/schema.org\/CreativeWork\" ><div class='avia_textblock'  itemprop=\"text\" ><p style=\"text-align: center;\"><span style=\"font-size: 18pt;\"><a title=\"Contactar con nosotros\" href=\"http:\/\/obresgabigonyalons.es\/index.php\/contact\/\" target=\"_blank\" rel=\"noopener\"><span style=\"color: #000000;\">CONTACTAR<\/span><\/a><\/span><\/p>\n<\/div><\/section><\/p><\/div><\/p>\n","protected":false},"excerpt":{"rendered":"","protected":false},"author":1,"featured_media":81,"parent":25,"menu_order":30,"comment_status":"closed","ping_status":"closed","template":"","meta":{"om_disable_all_campaigns":false,"_mi_skip_tracking":false,"footnotes":""},"class_list":["post-138","page","type-page","status-publish","has-post-thumbnail","hentry"],"aioseo_notices":[],"_links":{"self":[{"href":"https:\/\/obresgabigonyalons.es\/index.php\/wp-json\/wp\/v2\/pages\/138","targetHints":{"allow":["GET"]}}],"collection":[{"href":"https:\/\/obresgabigonyalons.es\/index.php\/wp-json\/wp\/v2\/pages"}],"about":[{"href":"https:\/\/obresgabigonyalons.es\/index.php\/wp-json\/wp\/v2\/types\/page"}],"author":[{"embeddable":true,"href":"https:\/\/obresgabigonyalons.es\/index.php\/wp-json\/wp\/v2\/users\/1"}],"replies":[{"embeddable":true,"href":"https:\/\/obresgabigonyalons.es\/index.php\/wp-json\/wp\/v2\/comments?post=138"}],"version-history":[{"count":10,"href":"https:\/\/obresgabigonyalons.es\/index.php\/wp-json\/wp\/v2\/pages\/138\/revisions"}],"predecessor-version":[{"id":708,"href":"https:\/\/obresgabigonyalons.es\/index.php\/wp-json\/wp\/v2\/pages\/138\/revisions\/708"}],"up":[{"embeddable":true,"href":"https:\/\/obresgabigonyalons.es\/index.php\/wp-json\/wp\/v2\/pages\/25"}],"wp:featuredmedia":[{"embeddable":true,"href":"https:\/\/obresgabigonyalons.es\/index.php\/wp-json\/wp\/v2\/media\/81"}],"wp:attachment":[{"href":"https:\/\/obresgabigonyalons.es\/index.php\/wp-json\/wp\/v2\/media?parent=138"}],"curies":[{"name":"wp","href":"https:\/\/api.w.org\/{rel}","templated":true}]}}